 the prime factors of 4752.
2, 3, 11
List the prime factors of 3065944.
2, 7, 53, 1033
List the prime factors of 301371.
3, 7, 113, 127
List the prime factors of 47678.
2, 31, 769
What are the prime factors of 15079064?
2, 7, 11, 13, 269
What are the prime factors of 198732?
2, 3, 16561
List the prime factors of 5481028.
2, 7, 195751
What are the prime factors of 105928?
2, 13241
List the prime factors of 2408639.
2408639
What are the prime factors of 622109?
622109
What are the prime factors of 11498062?
2, 389, 14779
What are the prime factors of 5313035?
5, 7, 13, 11677
What are the prime factors of 3965724?
2, 3, 7, 15737
List the prime factors of 11388391.
7, 19, 85627
List the prime factors of 1052596.
2, 79, 3331
List the prime factors of 222672.
2, 3, 4639
List the prime factors of 148935.
3, 5, 9929
List the prime factors of 24612858.
2, 3, 179, 7639
List the prime factors of 260838.
2, 3, 43, 337
List the prime factors of 62296.
2, 13, 599
What are the prime factors of 204287?
281, 727
What are the prime factors of 13334488?
2, 1666811
List the prime factors of 796169.
11, 72379
What are the prime factors of 174579?
3, 58193
What are the prime factors of 14024941?
7, 47, 907
List the prime factors of 581005.
5, 116201
List the prime factors of 39334.
2, 71, 277
List the prime factors of 729565.
5, 79, 1847
What are the prime factors of 412012?
2, 17, 73, 83
What are the prime factors of 11058?
2, 3, 19, 97
List the prime factors of 14554987.
223, 65269
List the prime factors of 449705.
5, 53, 1697
List the prime factors of 33657458.
2, 29, 580301
List the prime factors of 936641.
239, 3919
What are the prime factors of 14735605?
5, 41, 71881
What are the prime factors of 1944940?
2, 5, 31, 3137
List the prime factors of 589490.
2, 5, 11, 23, 233
What are the prime factors of 1622756?
2, 405689
What are the prime factors of 245191?
17, 14423
What are the prime factors of 234513?
3, 71, 367
List the prime factors of 627625.
5, 5021
List the prime factors of 3448021.
53, 67, 971
What are the prime factors of 1043282?
2, 521641
List the prime factors of 354219.
3, 71, 1663
What are the prime factors of 1357363?
7, 211, 919
List the prime factors of 454812.
2, 3, 151, 251
What are the prime factors of 355179?
3, 11, 47, 229
List the prime factors of 8286180.
2, 3, 5, 7, 109, 181
What are the prime factors of 518540?
2, 5, 11, 2357
List the prime factors of 556303.
11, 103, 491
What are the prime factors of 2074290?
2, 3, 5, 69143
List the prime factors of 222937.
11, 13, 1559
List the prime factors of 1854282.
2, 3, 199, 1553
What are the prime factors of 1131428?
2, 61, 4637
List the prime factors of 371536.
2, 11, 2111
List the prime factors of 167604.
2, 3, 13967
List the prime factors of 16852923.
3, 1872547
List the prime factors of 173806.
2, 43, 47
What are the prime factors of 1448500?
2, 5, 2897
List the prime factors of 1440698.
2, 7, 61, 241
List the prime factors of 597109.
367, 1627
What are the prime factors of 628938?
2, 3, 19, 613
List the prime factors of 547838.
2, 273919
What are the prime factors of 9483655?
5, 37, 51263
What are the prime factors of 3363903?
3, 31, 4019
What are the prime factors of 1542054?
2, 3, 157, 1637
What are the prime factors of 12698894?
2, 13, 488419
What are the prime factors of 10465634?
2, 373, 14029
What are the prime factors of 1521412?
2, 311, 1223
What are the prime factors of 8946472?
2, 1118309
What are the prime factors of 774140?
2, 5, 38707
What are the prime factors of 6824725?
5, 272989
What are the prime factors of 847262?
2, 13, 32587
What are the prime factors of 119353?
13, 9181
List the prime factors of 146131.
29, 5039
What are the prime factors of 82153?
82153
What are the prime factors of 6760489?
6760489
What are the prime factors of 83725?
5, 17, 197
What are the prime factors of 10123970?
2, 5, 1012397
List the prime factors of 1575409.
11, 197, 727
What are the prime factors of 1041141?
3, 23, 79, 191
List the prime factors of 21580022.
2, 41, 263171
What are the prime factors of 17071074?
2, 3, 167, 631
What are the prime factors of 28851?
3, 59, 163
List the prime factors of 4801583.
619, 7757
List the prime factors of 26292658.
2, 7, 1878047
What are the prime factors of 1133722?
2, 359, 1579
List the prime factors of 561467.
127, 4421
List the prime factors of 1253063.
7, 23, 43, 181
What are the prime factors of 2798373?
3, 41, 22751
What are the prime factors of 1487207?
29, 51283
What are the prime factors of 205379?
59
What are the prime factors of 418276?
2, 53, 1973
List the prime factors of 201678.
2, 3, 33613
List the prime factors of 1687261.
67, 25183
List the prime factors of 817871.
817871
What are the prime factors of 195703?
31, 59, 107
What are the prime factors of 2845212?
2, 3, 19, 12479
What are the prime factors of 7939659?
3, 7, 13, 127, 229
What are the prime factors of 15817643?
1097, 14419
What are the prime factors of 6212874?
2, 3, 1035479
What are the prime factors of 42702276?
2, 3, 109, 32647
What are the prime factors of 266274?
2, 3, 4931
List the prime factors of 381869.
23, 16603
What are the prime factors of 97067?
113, 859
List the prime factors of 34709.
61, 569
List the prime factors of 4743417.
3, 7, 107, 2111
List the prime factors of 9120991.
11, 163, 5087
What are the prime factors of 1074233?
439, 2447
List the prime factors of 1399059.
3, 51817
List the prime factors of 193627.
7, 139, 199
List the prime factors of 717531.
3, 23, 10399
What are the prime factors of 2553165?
3, 5, 56737
What are the prime factors of 1407898?
2, 703949
What are the prime factors of 458327?
458327
What are the prime factors of 266254?
2, 17, 41, 191
List the prime factors of 3644643.
3, 71, 241
What are the prime factors of 420035?
5, 7, 11, 1091
List the prime factors of 10849593.
3, 3616531
List the prime factors of 2591639.
1439, 1801
What are the prime factors of 1449417?
3, 483139
List the prime factors of 796349.
131, 6079
List the prime factors of 1318947.
3, 7, 181, 347
List the prime factors of 195994.
2, 43, 53
What are the prime factors of 197298?
2, 3, 97, 113
What are the prime factors of 4943684?
2, 61, 20261
List the prime factors of 397297.
397297
What are the prime factors of 24780668?
2, 11, 563197
What are the prime factors of 448415?
5, 11, 31, 263
List the prime factors of 773247.
3, 67, 3847
List the prime factors of 26879701.
26879701
List the prime factors of 925368.
2, 3, 38557
List the prime factors of 103576.
2, 11, 107
What are the prime factors of 2105?
5, 421
What are the prime factors of 409671?
3, 15173
What are the prime factors of 507042?
2, 3, 17, 1657
What are the prime factors of 30349396?
2, 7, 11, 211, 467
What are the prime factors of 3759996?
2, 3, 313333
List the prime factors of 720118.
2, 7, 51437
List the prime factors of 584578.
2, 41, 7129
What are the prime factors of 12766402?
2, 11, 580291
List the prime factors of 322772.
2, 19, 31, 137
What are the prime factors of 3650442?
2, 3, 43, 14149
List the prime factors of 14514328.
2, 17, 19, 41, 137
List the prime factors of 4248167.
7, 11, 55171
List the prime factors of 151216.
2, 13, 727
What are the prime factors of 204819?
3, 67, 1019
List the prime factors of 2242104.
2, 3, 103, 907
What are the prime factors of 354998?
2, 7, 25357
What are the prime factors of 425793?
3, 141931
List the prime factors of 2894204.
2, 723551
What are the prime factors of 107831?
17, 6343
List the prime factors of 718258.
2, 359129
List the prime factors of 4211939.
19, 31, 7151
What are the prime factors of 3558552?
2, 3, 31, 4783
List the prime factors of 299777.
299777
List the prime factors of 159701.
159701
What are the prime factors of 815873?
47, 17359
What are the prime factors of 303251?
13, 23327
What are the prime factors of 328871?
19, 911
What are the prime factors of 27427?
27427
List the prime factors of 71828.
2, 17957
What are the prime factors of 263409?
3, 87803
What are the prime factors of 8213516?
2, 17, 43, 53
List the prime factors of 37858.
2, 23, 823
List the prime factors of 1686493.
31, 54403
List the prime factors of 23975648.
2, 31, 24169
List the prime factors of 357145.
5, 71429
List the prime factors of 2769259.
2769259
W